{"id":40558,"date":"2015-02-09T10:03:32","date_gmt":"2015-02-09T10:03:32","guid":{"rendered":"http:\/\/www.joaoleitao.com\/viagens\/?page_id=40558"},"modified":"2019-01-31T21:37:59","modified_gmt":"2019-01-31T21:37:59","slug":"media","status":"publish","type":"page","link":"https:\/\/www.joaoleitao.com\/viagens\/media\/","title":{"rendered":"JoaoLeitao.com nos Media"},"content":{"rendered":"<p><img loading=\"lazy\" decoding=\"async\" src=\"http:\/\/www.joaoleitao.com\/viagens\/wp-content\/uploads\/2016\/09\/joaoleitao-blog.jpg\" alt=\"joaoleitao-blog\" width=\"1075\" height=\"526\" class=\"aligncenter size-full wp-image-50862\" srcset=\"https:\/\/www.joaoleitao.com\/viagens\/wp-content\/uploads\/2016\/09\/joaoleitao-blog.jpg 1075w, https:\/\/www.joaoleitao.com\/viagens\/wp-content\/uploads\/2016\/09\/joaoleitao-blog-768x376.jpg 768w, https:\/\/www.joaoleitao.com\/viagens\/wp-content\/uploads\/2016\/09\/joaoleitao-blog-600x294.jpg 600w\" sizes=\"auto, (max-width: 1075px) 100vw, 1075px\" \/><\/p>\n<p>[subsection color=&#8221;&#8221; full_width=&#8221;1&#8243; full_height=&#8221;1&#8243; background=&#8221;&#8221; parallax=&#8221;1&#8243;]<br \/>\n[home_heading]<br \/>\n[heading_line type=&#8221;primary_bg&#8221; new_line=&#8221;0&#8243;]<strong>Este blog nos media<\/strong>[\/heading_line]<br \/>\n[\/home_heading]<br \/>\n[\/subsection]<\/p>\n<p>O sucesso de visitas deste blog de viagens \u00e9 tamb\u00e9m vis\u00edvel atrav\u00e9s dos media, jornais, televis\u00e3o e in\u00fameros sites online. Fa\u00e7o uma pequena recolha de alguns lugares onde o &#8220;Jo\u00e3o Leit\u00e3o VIAGENS&#8221; vem mencionado.<\/p>\n<p>[su_box box_color=&#8221;#01AEFD&#8221; title=&#8221;LONELY PLANET, 13 de Setembro de 2016&#8243; radius=&#8221;0&#8243;]<br \/>\n<center><br \/>\n<img loading=\"lazy\" decoding=\"async\" src=\"http:\/\/www.joaoleitao.com\/viagens\/wp-content\/uploads\/2015\/02\/lpblog.png\" alt=\"lpblog\" width=\"708\" height=\"125\" class=\"aligncenter size-full wp-image-50501\" srcset=\"https:\/\/www.joaoleitao.com\/viagens\/wp-content\/uploads\/2015\/02\/lpblog.png 708w, https:\/\/www.joaoleitao.com\/viagens\/wp-content\/uploads\/2015\/02\/lpblog-600x106.png 600w\" sizes=\"auto, (max-width: 708px) 100vw, 708px\" \/><br \/>\n<img loading=\"lazy\" decoding=\"async\" src=\"http:\/\/www.joaoleitao.com\/viagens\/wp-content\/uploads\/2015\/02\/augustLP.jpg\" alt=\"augustlp\" width=\"648\" height=\"42\" class=\"aligncenter size-full wp-image-50747\" srcset=\"https:\/\/www.joaoleitao.com\/viagens\/wp-content\/uploads\/2015\/02\/augustLP.jpg 648w, https:\/\/www.joaoleitao.com\/viagens\/wp-content\/uploads\/2015\/02\/augustLP-600x39.jpg 600w\" sizes=\"auto, (max-width: 648px) 100vw, 648px\" \/><br \/>\n<figure id=\"attachment_50744\" aria-describedby=\"caption-attachment-50744\" style=\"width: 718px\" class=\"wp-caption aligncenter\"><img loading=\"lazy\" decoding=\"async\" src=\"http:\/\/www.joaoleitao.com\/viagens\/wp-content\/uploads\/2015\/02\/lonelyplanet-instagram-joao.jpg\" alt=\"LONELY PLANET Instagram Joao Leitao\" width=\"728\" height=\"1256\" class=\"size-full wp-image-50744\" srcset=\"https:\/\/www.joaoleitao.com\/viagens\/wp-content\/uploads\/2015\/02\/lonelyplanet-instagram-joao.jpg 728w, https:\/\/www.joaoleitao.com\/viagens\/wp-content\/uploads\/2015\/02\/lonelyplanet-instagram-joao-232x400.jpg 232w\" sizes=\"auto, (max-width: 728px) 100vw, 728px\" \/><figcaption id=\"caption-attachment-50744\" class=\"wp-caption-text\">LONELY PLANET Instagram Joao Leitao<\/figcaption><\/figure><\/p>\n<p><strong>Links<\/strong>: <a href=\"http:\/\/www.joaoleitao.com\/viagens\/wp-content\/uploads\/2016\/09\/LONELYPLANET-Instagram-JoaoLeitao3.pdf\" target=\"_blank\">Not\u00edcia em PDF<\/a>, <a href=\"http:\/\/www.lonelyplanet.com\/blog\/2016\/09\/13\/lp-pathfinders-top-instagrams-from-august-2016\/\" rel=\"nofollow noopener\" target=\"_blank\">Link LONELY PLANET<\/a>.<br \/>\n<\/center><br \/>\n[\/su_box]<\/p>\n<p>[su_box box_color=&#8221;#01AEFD&#8221; title=&#8221;LONELY PLANET, 11 de Julho de 2016&#8243; radius=&#8221;0&#8243;]<br \/>\n<center><br \/>\n<img loading=\"lazy\" decoding=\"async\" src=\"http:\/\/www.joaoleitao.com\/viagens\/wp-content\/uploads\/2015\/02\/lpblog.png\" alt=\"lpblog\" width=\"708\" height=\"125\" class=\"aligncenter size-full wp-image-50501\" srcset=\"https:\/\/www.joaoleitao.com\/viagens\/wp-content\/uploads\/2015\/02\/lpblog.png 708w, https:\/\/www.joaoleitao.com\/viagens\/wp-content\/uploads\/2015\/02\/lpblog-600x106.png 600w\" sizes=\"auto, (max-width: 708px) 100vw, 708px\" \/><br \/>\n<img loading=\"lazy\" decoding=\"async\" src=\"http:\/\/www.joaoleitao.com\/viagens\/wp-content\/uploads\/2015\/02\/topinstalp.png\" alt=\"topinstalp\" width=\"691\" height=\"101\" class=\"aligncenter size-full wp-image-50499\" srcset=\"https:\/\/www.joaoleitao.com\/viagens\/wp-content\/uploads\/2015\/02\/topinstalp.png 691w, https:\/\/www.joaoleitao.com\/viagens\/wp-content\/uploads\/2015\/02\/topinstalp-600x88.png 600w\" sizes=\"auto, (max-width: 691px) 100vw, 691px\" \/><br \/>\n<figure id=\"attachment_50497\" aria-describedby=\"caption-attachment-50497\" style=\"width: 574px\" class=\"wp-caption aligncenter\"><img loading=\"lazy\" decoding=\"async\" src=\"http:\/\/www.joaoleitao.com\/viagens\/wp-content\/uploads\/2016\/08\/screenshot-www.lonelyplanet.com-2016-08-29-13-04-48.png\" alt=\"LONELY PLANET Instagram Joao Leitao\" width=\"584\" height=\"918\" class=\"size-full wp-image-50497\" srcset=\"https:\/\/www.joaoleitao.com\/viagens\/wp-content\/uploads\/2016\/08\/screenshot-www.lonelyplanet.com-2016-08-29-13-04-48.png 584w, https:\/\/www.joaoleitao.com\/viagens\/wp-content\/uploads\/2016\/08\/screenshot-www.lonelyplanet.com-2016-08-29-13-04-48-254x400.png 254w\" sizes=\"auto, (max-width: 584px) 100vw, 584px\" \/><figcaption id=\"caption-attachment-50497\" class=\"wp-caption-text\">LONELY PLANET Instagram Joao Leitao<\/figcaption><\/figure><\/p>\n<p><strong>Links<\/strong>: <a href=\"http:\/\/www.joaoleitao.com\/viagens\/wp-content\/uploads\/2016\/08\/JOAOLEITAO-LONELYPLANET2.pdf\" target=\"_blank\">Not\u00edcia em PDF<\/a>, <a href=\"http:\/\/www.lonelyplanet.com\/blog\/2016\/07\/11\/lp-pathfinders-top-instagrams-from-june-2016\/\" rel=\"nofollow noopener\" target=\"_blank\">Link LONELY PLANET<\/a>.<br \/>\n<\/center><br \/>\n[\/su_box]<\/p>\n<p>[su_box box_color=&#8221;#01AEFD&#8221; title=&#8221;LONELY PLANET, 13 de Junho de 2016&#8243; radius=&#8221;0&#8243;]<br \/>\n<center><br \/>\n<img loading=\"lazy\" decoding=\"async\" src=\"http:\/\/www.joaoleitao.com\/viagens\/wp-content\/uploads\/2015\/02\/LONELYPLANET-joaoleitao.jpg\" alt=\"LONELY PLANET Instagram Joao Leitao\" width=\"677\" height=\"1091\" class=\"aligncenter size-full wp-image-48708\" srcset=\"https:\/\/www.joaoleitao.com\/viagens\/wp-content\/uploads\/2015\/02\/LONELYPLANET-joaoleitao.jpg 677w, https:\/\/www.joaoleitao.com\/viagens\/wp-content\/uploads\/2015\/02\/LONELYPLANET-joaoleitao-248x400.jpg 248w\" sizes=\"auto, (max-width: 677px) 100vw, 677px\" \/><\/p>\n<p><strong>Links<\/strong>: <a href=\"http:\/\/www.joaoleitao.com\/viagens\/wp-content\/uploads\/2016\/06\/JOAOLEITAO-LONELYPLANET.pdf\" target=\"_blank\">Not\u00edcia em PDF<\/a>, <a href=\"http:\/\/www.lonelyplanet.com\/blog\/2016\/06\/10\/lp-pathfinders-top-instagrams-from-may-2016-2\/\" rel=\"nofollow noopener\" target=\"_blank\">Link LONELY PLANET<\/a>.<br \/>\n<\/center><br \/>\n[\/su_box]<\/p>\n<p>[su_box box_color=&#8221;#01AEFD&#8221; title=&#8221;DIARIES OF MAGAZINE, Abril de 2016&#8243; radius=&#8221;0&#8243;]<br \/>\n<center><br \/>\n<img loading=\"lazy\" decoding=\"async\" src=\"http:\/\/www.joaoleitao.com\/viagens\/wp-content\/uploads\/2016\/09\/joaoleitao-diariesof.jpg\" alt=\"joaoleitao-diariesof\" width=\"900\" height=\"552\" class=\"aligncenter size-full wp-image-50911\" srcset=\"https:\/\/www.joaoleitao.com\/viagens\/wp-content\/uploads\/2016\/09\/joaoleitao-diariesof.jpg 900w, https:\/\/www.joaoleitao.com\/viagens\/wp-content\/uploads\/2016\/09\/joaoleitao-diariesof-768x471.jpg 768w, https:\/\/www.joaoleitao.com\/viagens\/wp-content\/uploads\/2016\/09\/joaoleitao-diariesof-600x368.jpg 600w\" sizes=\"auto, (max-width: 900px) 100vw, 900px\" \/><br \/>\n<strong>Links<\/strong>: <a href=\"http:\/\/www.joaoleitao.com\/viagens\/wp-content\/uploads\/2016\/09\/MAG_Cape-Verde_Joao_Leitao_BD.pdf\" target=\"_blank\">Not\u00edcia em PDF<\/a>, <a href=\"https:\/\/www.diariesofmagazine.com\/magazine\/\" rel=\"nofollow noopener\" target=\"_blank\">Link DIARIES OF<\/a>.<br \/>\n<\/center><br \/>\n[\/su_box]<\/p>\n<p>[su_box box_color=&#8221;#01AEFD&#8221; title=&#8221;LA PRESS VOYAGE, 4 de Maio de 2016&#8243; radius=&#8221;0&#8243;]<br \/>\n<center><br \/>\n<img loading=\"lazy\" decoding=\"async\" class=\"aligncenter size-full wp-image-40575\" src=\"http:\/\/www.joaoleitao.com\/viagens\/wp-content\/uploads\/2016\/05\/LAPRESS-joaoleitao.jpg\" alt=\"\" width=\"700\" height=\"657\"><\/p>\n<p><strong>Links<\/strong>: <a href=\"http:\/\/www.joaoleitao.com\/viagens\/wp-content\/uploads\/2016\/05\/JOAOLEITAO-LAPRESS.pdf\" target=\"_blank\">Not\u00edcia em PDF<\/a>, <a href=\"http:\/\/www.lapresse.ca\/voyage\/trucs-conseils\/201605\/04\/01-4977963-des-voyageurs-nomades-nouveau-genre.php\" rel=\"nofollow noopener\" target=\"_blank\">Link LA PRESS<\/a>.<br \/>\n<\/center><br \/>\n[\/su_box]<\/p>\n<p>[su_box box_color=&#8221;#01AEFD&#8221; title=&#8221;E-KONOMISTA, 22 de Abril de 2016&#8243; radius=&#8221;0&#8243;]<br \/>\n<center><br \/>\n<img loading=\"lazy\" decoding=\"async\" class=\"aligncenter size-full wp-image-40575\" src=\"http:\/\/www.joaoleitao.com\/viagens\/wp-content\/uploads\/2016\/05\/EKONOMISTA-joaoleitao.jpg\" alt=\"\" width=\"700\" height=\"531\"><\/p>\n<p><strong>Links<\/strong>: <a href=\"http:\/\/www.joaoleitao.com\/viagens\/wp-content\/uploads\/2016\/05\/JOAOLEITAO-EKONOMISTA.pdf\" target=\"_blank\">Not\u00edcia em PDF<\/a>, <a href=\"http:\/\/www.e-konomista.pt\/artigo\/blogs-de-viagens-portugueses\/\" rel=\"nofollow noopener\" target=\"_blank\">Link E-KONOMISTA<\/a>.<br \/>\n<\/center><br \/>\n[\/su_box]<\/p>\n<p>[su_box box_color=&#8221;#01AEFD&#8221; title=&#8221;The Best Travelled NEWSLETTER, 13 de Outubro de 2015&#8243; radius=&#8221;0&#8243;]<\/p>\n<p><center><img loading=\"lazy\" decoding=\"async\" src=\"http:\/\/www.joaoleitao.com\/viagens\/wp-content\/uploads\/2015\/02\/joaoleitao-thebesttravelled.jpg\" alt=\"joaoleitao the best travelled\" width=\"650\" height=\"692\" class=\"aligncenter size-full wp-image-45119\" \/><\/p>\n<p><strong>Links<\/strong>: <a href=\"http:\/\/www.joaoleitao.com\/viagens\/wp-content\/uploads\/2015\/10\/tbtnewsletter.png\" target=\"_blank\">Not\u00edcia em PNG<\/a>, <a href=\"http:\/\/us6.campaign-archive2.com\/?u=f456c55c6c6e7ea4bdc9fa634&#038;id=493ce6ce07&#038;e=df4363756b\" rel=\"nofollow noopener\" target=\"_blank\">Link NEWSLETTER<\/a>.<br \/>\n<\/center><br \/>\n[\/su_box]<\/p>\n<p>[su_box box_color=&#8221;#01AEFD&#8221; title=&#8221;EDREAMS BLOG, 18 de Fevereiro de 2015&#8243; radius=&#8221;0&#8243;]<br \/>\n<center><br \/>\n<img loading=\"lazy\" decoding=\"async\" class=\"aligncenter size-full wp-image-40575\" src=\"http:\/\/www.joaoleitao.com\/viagens\/wp-content\/uploads\/2015\/08\/joao-leitao-edreams-blog.jpg\" alt=\"\" width=\"637\" height=\"391\"><\/p>\n<p><strong>Links<\/strong>: <a href=\"http:\/\/www.joaoleitao.com\/viagens\/wp-content\/uploads\/2015\/08\/Jo\u00e3o-Leit\u00e3o-EDREAMS.pdf\" target=\"_blank\">Not\u00edcia em PDF<\/a>, <a href=\"http:\/\/blog.edreams.pt\/entrevista-joao-leitao\/\" rel=\"nofollow noopener\" target=\"_blank\">Link EDREAMS<\/a>.<br \/>\n<\/center><br \/>\n[\/su_box]<\/p>\n<p>[su_box box_color=&#8221;#01AEFD&#8221; title=&#8221;WANDERLUST TRAVEL MAGAZINE, 29 de Dezembro de 2014&#8243; radius=&#8221;0&#8243;]<br \/>\n<center><br \/>\n<img loading=\"lazy\" decoding=\"async\" class=\"aligncenter size-full wp-image-40575\" src=\"http:\/\/www.joaoleitao.com\/viagens\/wp-content\/uploads\/2016\/05\/WANDERLUST-joaoleitao.jpg\" alt=\"\" width=\"700\" height=\"598\"><\/p>\n<p><strong>Links<\/strong>: <a href=\"http:\/\/www.joaoleitao.com\/viagens\/wp-content\/uploads\/2016\/05\/JOAOLEITAO-WANDERLUST.pdf\" target=\"_blank\">Not\u00edcia em PDF<\/a>, <a href=\"http:\/\/www.wanderlust.co.uk\/magazine\/blogs\/blog-of-the-week\/25-amazing-places-to-visit-in-oman?page=all\" rel=\"nofollow noopener\" target=\"_blank\">Link WANDERLUST<\/a>.<br \/>\n<\/center><br \/>\n[\/su_box]<\/p>\n<p>[su_box box_color=&#8221;#01AEFD&#8221; title=&#8221;MOMONDO, 24 de Fevereiro de 2014&#8243; radius=&#8221;0&#8243;]<br \/>\n<center><br \/>\n<img loading=\"lazy\" decoding=\"async\" class=\"aligncenter size-full wp-image-40575\" src=\"http:\/\/www.joaoleitao.com\/viagens\/wp-content\/uploads\/2015\/08\/joao-leitao-momondo.jpg\" alt=\"\" width=\"637\" height=\"484\"><\/p>\n<p><strong>Links<\/strong>: <a href=\"http:\/\/www.joaoleitao.com\/viagens\/wp-content\/uploads\/2015\/08\/Jo\u00e3o-Leit\u00e3o-MOMONDO.pdf\" target=\"_blank\">Not\u00edcia em PDF<\/a>, <a href=\"http:\/\/www.momondo.pt\/content\/travelpredict2014\/\" target=\"_blank\" rel=\"nofollow noopener\">Link MOMONDO<\/a>.<br \/>\n<\/center><br \/>\n[\/su_box]<\/p>\n<p>[su_box box_color=&#8221;#01AEFD&#8221; title=&#8221;G1 GLOBO, 26 de Julho de 2013&#8243; radius=&#8221;0&#8243;]<br \/>\n<center><br \/>\n<img loading=\"lazy\" decoding=\"async\" class=\"aligncenter size-full wp-image-40572\" src=\"http:\/\/www.joaoleitao.com\/viagens\/wp-content\/uploads\/2015\/08\/G1-JOAOLEITAO-entrevista.png\" alt=\"\" width=\"637\" height=\"788\"><\/p>\n<p><strong>Links<\/strong>: <a href=\"http:\/\/www.joaoleitao.com\/viagens\/wp-content\/uploads\/2015\/08\/Jo\u00e3o-Leit\u00e3o-GLOBO.pdf\" target=\"_blank\">Not\u00edcia em PDF<\/a>, <a href=\"http:\/\/g1.globo.com\/ap\/amapa\/noticia\/2013\/07\/portugues-e-polonesa-conhecem-festa-de-sao-tiago-em-mazagao.html\" target=\"_blank\" rel=\"nofollow noopener\">Link G1 GLOBO<\/a>.<br \/>\n<\/center><br \/>\n[\/su_box]<\/p>\n<p>[su_box box_color=&#8221;#01AEFD&#8221; title=&#8221;TV GLOBO, 27 Julho de 2013&#8243; radius=&#8221;0&#8243;]<br \/>\n<center><br \/>\nEntrevista &#8220;Jo\u00e3o Leit\u00e3o VIAGENS&#8221; na TV GLOBO, acerca da festa de S\u00e3o Tiago em Mazag\u00e3o Velho. Apare\u00e7o a partir do minuto 3:30.<\/p>\n<p><\/center><center><iframe loading=\"lazy\" src=\"https:\/\/www.youtube.com\/embed\/tBC5pD6WIwc\" width=\"681\" height=\"524\" frameborder=\"0\" allowfullscreen=\"allowfullscreen\"><\/iframe><\/center><strong>Links<\/strong>: <a href=\"https:\/\/www.youtube.com\/watch?v=tBC5pD6WIwc\" target=\"_blank\" rel=\"nofollow noopener\">Link Youtube<\/a>.<\/p>\n<p>[\/su_box]<\/p>\n<p>[su_box box_color=&#8221;#01AEFD&#8221; title=&#8221;RBA TV, 12 Agosto de 2013&#8243; radius=&#8221;0&#8243;]<br \/>\n<center><br \/>\nEntrevista de viajante na reportagem do Hotel Borari em Alter do Ch\u00e3o, para o canal RBATV &#8211; Rede Brasil Amaz\u00f4nia de Televis\u00e3o. Apare\u00e7o a partir do minuto 0:45.<\/p>\n<p><\/center><center><iframe loading=\"lazy\" src=\"https:\/\/www.youtube.com\/embed\/0lL5dmIahB8\" width=\"681\" height=\"524\" frameborder=\"0\" allowfullscreen=\"allowfullscreen\"><\/iframe><\/center><strong>Links<\/strong>: <a href=\"https:\/\/www.youtube.com\/watch?v=tBC5pD6WIwc\" target=\"_blank\" rel=\"nofollow noopener\">Link Youtube<\/a>.<\/p>\n<p>[\/su_box]<\/p>\n<p>[su_box box_color=&#8221;#01AEFD&#8221; title=&#8221;FUGAS &#8211; P\u00daBLICO, 26 de Abril de 2011&#8243; radius=&#8221;0&#8243;]<br \/>\n<center><br \/>\n<img loading=\"lazy\" decoding=\"async\" class=\"aligncenter size-full wp-image-40575\" src=\"http:\/\/www.joaoleitao.com\/viagens\/wp-content\/uploads\/2015\/08\/fugas-joaoleitao-entrevista.jpg\" alt=\"\" width=\"637\" height=\"486\"><\/p>\n<p><strong>Links<\/strong>: <a href=\"http:\/\/www.joaoleitao.com\/viagens\/wp-content\/uploads\/2015\/08\/Jo\u00e3o-Leit\u00e3o-FUGAS.pdf\" target=\"_blank\">Not\u00edcia em PDF<\/a>, <a href=\"http:\/\/fugas.publico.pt\/Noticias\/283366_dar-rita-um-riad-portugues-em-marrocos\" target=\"_blank\" rel=\"nofollow noopener\">Link FUGAS<\/a>.<br \/>\n<\/center><br \/>\n[\/su_box]<\/p>\n<p>[su_box box_color=&#8221;#01AEFD&#8221; title=&#8221;NOT\u00cdCIAS MAGAZINE, 21 de Agosto de 2011&#8243; radius=&#8221;0&#8243;]<br \/>\n<center><br \/>\n<img loading=\"lazy\" decoding=\"async\" class=\"aligncenter size-full wp-image-40572\" src=\"http:\/\/www.joaoleitao.com\/viagens\/wp-content\/uploads\/2015\/08\/entrevista-JOAO-LEITAO.jpg\" alt=\"\" width=\"637\" height=\"617\"><\/p>\n<p><strong>Links<\/strong>: <a href=\"http:\/\/www.joaoleitao.com\/viagens\/wp-content\/uploads\/2015\/08\/entrevista-joao-leitao-noticias.jpg\" target=\"_blank\">Not\u00edcia em PDF<\/a>.<br \/>\n<\/center><br \/>\n[\/su_box]<\/p>\n<p>[su_box box_color=&#8221;#01AEFD&#8221; title=&#8221;TVI 24, 8 de Outubro de 2010&#8243; radius=&#8221;0&#8243;]<br \/>\n<center><br \/>\n<img loading=\"lazy\" decoding=\"async\" class=\" aligncenter\" src=\"http:\/\/www.joaoleitao.com\/viagens\/wp-content\/uploads\/2015\/08\/TVI24-JOAOLEITAO.png\" alt=\"\" width=\"681\" height=\"524\"><\/p>\n<p><strong>Links<\/strong>: <a href=\"http:\/\/www.joaoleitao.com\/viagens\/wp-content\/uploads\/2015\/08\/Jo%C3%A3o-Leit%C3%A3o-TVI-24.pdf\" target=\"_blank\">Not\u00edcia em PDF<\/a>, <a href=\"http:\/\/www.tvi24.iol.pt\/sociedade\/joao-leitao\/aos-30-anos-ja-visitou-63-paises-e-tem-tres-passaportes-cheios\" target=\"_blank\" rel=\"nofollow noopener\">Link TVI 24<\/a>.<br \/>\n<\/center><br \/>\n[\/su_box]<\/p>\n<p>[su_box box_color=&#8221;#01AEFD&#8221; title=&#8221;R\u00e1dio TSF, 20 de Outubro de 2009&#8243; radius=&#8221;0&#8243;]<br \/>\n<center><br \/>\n<img loading=\"lazy\" decoding=\"async\" class=\" aligncenter\" src=\"http:\/\/www.joaoleitao.com\/viagens\/wp-content\/uploads\/2015\/08\/joaoleitao-radio-entrevista.jpg\" alt=\"\" width=\"681\" height=\"655\"><br \/>\n<\/center><br \/>\n[\/su_box]<\/p>\n<p>[su_box box_color=&#8221;#01AEFD&#8221; title=&#8221;Mencionado nos sites:&#8221; radius=&#8221;0&#8243;]<\/p>\n<ul>\n<li><a href=\"http:\/\/www.theexpeditioner.com\/the-top-50-travel-blogs\/\" target=\"_blank\" rel=\"nofollow noopener\">The Top 50 Travel Blogs<\/a><\/li>\n<li><a href=\"https:\/\/www.rise.global\/travel1k\" target=\"_blank\" rel=\"nofollow noopener\">Top 1000+ Travel Blogs<\/a><\/li>\n<li><a href=\"https:\/\/www.insightguides.com\/inspire-me\/blog\/10-best-travel-boards-on-pinterest\" target=\"_blank\" rel=\"nofollow noopener\">10 best travel boards on Pinterest<\/a><\/li>\n<li><a href=\"http:\/\/www.lovehomeswap.com\/blog\/latest-news\/22-of-the-best-travel-bloggers-to-follow-on-instagram\" target=\"_blank\" rel=\"nofollow noopener\">22 Of The Best Travel Bloggers To Follow On Instagram<\/a><\/li>\n<li><a href=\"http:\/\/www.easyplanettravel.com\/the-50-best-travel-blogs-awards\/\" target=\"_blank\" rel=\"nofollow noopener\">The 50 Best Travel Blogs Awards<\/a><\/li>\n<li><a href=\"http:\/\/www.travelsauro.com\/best-adventure-travel-blogs\" target=\"_blank\" rel=\"nofollow noopener\">Top 25 Best Adventure Travel Blogs to follow in 2016<\/a><\/li>\n<li><a href=\"http:\/\/kickasstraveling.com\/2015\/07\/07\/top-25-travel-blogs-to-follow-in-2015\/\" target=\"_blank\" rel=\"nofollow noopener\">Aardvark Safaris: Best Travel Bloggers 2015<\/a><\/li>\n<li><a href=\"http:\/\/www.whereintheworldisrita.com\/joao-leitao-from-lisbon-to-everywhere\/\" target=\"_blank\" rel=\"nofollow noopener\">Jo\u00e3o Leit\u00e3o: from Lisbon to Everywhere<\/a><\/li>\n<li><a href=\"http:\/\/jorgesanchez.es\/candidatos-prometedores-2\/\" target=\"_blank\" rel=\"nofollow noopener\">Candidatos Prometedores a Viajeros Notables<\/a><\/li>\n<li><a href=\"http:\/\/www.heartofavagabond.com\/top-83-european-bloggers-you-should-follow-in-2015\/\" target=\"_blank\" rel=\"nofollow noopener\">TOP 83 European bloggers you should follow<\/a><\/li>\n<li><a href=\"http:\/\/mel365.com\/travel-blogging-money-analysis\/\" target=\"_blank\" rel=\"nofollow noopener\">Travel blogging for money \u2013 An analysis on the top 50 travel blogs<\/a><\/li>\n<li><a href=\"http:\/\/firstsiteguide.com\/best-travel-blogs\/\" target=\"_blank\" rel=\"nofollow noopener\">The 100+ Best Travel Blogs To Follow<\/a><\/li>\n<li><a href=\"http:\/\/www.travelthisway.com\/top-5-travel-blogs\/\" target=\"_blank\" rel=\"nofollow noopener\">The Top 5 Travel Blogs<\/a><\/li>\n<li><a href=\"http:\/\/www.listsforall.com\/best-travel-blogs\/\" target=\"_blank\" rel=\"nofollow noopener\">Best Travel Blogs<\/a><\/li>\n<li><a href=\"http:\/\/www.bohemianbirds.com\/connecting-travelbloggers-11-mandy-mark-from-long-way-home\/\" target=\"_blank\" rel=\"nofollow noopener\">Bohemian Birds: Connecting Travelbloggers #11<\/a><\/li>\n<li><a href=\"http:\/\/kickasstraveling.com\/2015\/07\/07\/top-25-travel-blogs-to-follow-in-2015\/\" target=\"_blank\" rel=\"nofollow noopener\">Kick Ass Traveling: Top 25 Travel Blogs To Follow In 2015<\/a><\/li>\n<li><a href=\"http:\/\/www.womangettingmarried.com\/our-favorite-travel-bloggers-share-their-dream-honeymoon-destinations\/\" target=\"_blank\" rel=\"nofollow noopener\">Woman getting married: Our Favorite Travel Bloggers Share Their Dream Honeymoons<\/a><\/li>\n<li><a href=\"http:\/\/caravanistan.com\/transport\/driving\/afghanistan\/\" target=\"_blank\" rel=\"nofollow noopener\">Caravanistan: Driving in Afghanistan<\/a><\/li>\n<li><a href=\"http:\/\/www.columbusdirect.co.nz\/content\/travel-blogger-interview-with-nomad-revelations\/\" target=\"_blank\" rel=\"nofollow noopener\">Columbus Direct: How to succeed as a travel blogger &#8211; Interview with Nomad Revelations<\/a><\/li>\n<li><a href=\"http:\/\/expertvagabond.com\/travel-blogs-may-2015\/\" target=\"_blank\" rel=\"nofollow noopener\">Expert Vagabound: Awesome Blogs You Need To Read &#8211; Spring Edition<\/a><\/li>\n<li><a href=\"https:\/\/www.wow247.co.uk\/travel\/inspire-me\/inspiring-travel-blogs\/\" target=\"_blank\" rel=\"nofollow noopener\">WOW247 Travel: 10 inspiring travel blogs you have to read<\/a><\/li>\n<li><a href=\"http:\/\/www.somalilandpatriots.com\/news-14528-0\" target=\"_blank\" rel=\"nofollow noopener\">Somaliland Patriots Forum<\/a><\/li>\n<li><a href=\"http:\/\/www.dailymail.co.uk\/travel\/article-2936765\/Delete-internet-cookies-cheaper-flights-order-vegetarian-option-cut-toothbrush-half-best-travel-hacks-hassle-free-holidays.html\" target=\"_blank\" rel=\"nofollow noopener\">Daily Mail: The best travel hacks for hassle-free holidays<\/a><\/li>\n<li><a href=\"http:\/\/gamintraveler.com\/2015\/12\/13\/top-50-traveling-around-the-world-blogs\/\" target=\"_blank\" rel=\"nofollow noopener\">The Top 50 Most Visited Travel Blogs in the Internet Today<\/a><\/li>\n<li><a href=\"http:\/\/www.indietraveller.co\/morocco-travel-guide\/\" target=\"_blank\" rel=\"nofollow noopener\">Morocco Budget Travel Guide<\/a><\/li>\n<li><a href=\"http:\/\/www.nextleveltravelblogging.com\/community\/\" target=\"_blank\" rel=\"nofollow noopener\">Next Level Community Guidelines<\/a><\/li>\n<li><a href=\"http:\/\/ajwalton.com\/how-to-travel-the-world\/\" target=\"_blank\" rel=\"nofollow noopener\">How To Travel The World On Any Budget<\/a><\/li>\n<li><a href=\"http:\/\/www.almadeviajante.com\/visitar-ouarzazate-dicas-de-viagem-joao-leitao\/\" target=\"_blank\" rel=\"noopener\">O que fazer em Ouarzazate<\/a><\/li>\n<\/ul>\n<p>[\/su_box]<\/p>\n","protected":false},"excerpt":{"rendered":"","protected":false},"author":5,"featured_media":47887,"parent":0,"menu_order":0,"comment_status":"closed","ping_status":"closed","template":"","meta":{"footnotes":""},"class_list":{"0":"post-40558","1":"page","2":"type-page","3":"status-publish","4":"has-post-thumbnail","6":"no-featured-image-padding"},"_links":{"self":[{"href":"https:\/\/www.joaoleitao.com\/viagens\/wp-json\/wp\/v2\/pages\/40558","targetHints":{"allow":["GET"]}}],"collection":[{"href":"https:\/\/www.joaoleitao.com\/viagens\/wp-json\/wp\/v2\/pages"}],"about":[{"href":"https:\/\/www.joaoleitao.com\/viagens\/wp-json\/wp\/v2\/types\/page"}],"author":[{"embeddable":true,"href":"https:\/\/www.joaoleitao.com\/viagens\/wp-json\/wp\/v2\/users\/5"}],"replies":[{"embeddable":true,"href":"https:\/\/www.joaoleitao.com\/viagens\/wp-json\/wp\/v2\/comments?post=40558"}],"version-history":[{"count":0,"href":"https:\/\/www.joaoleitao.com\/viagens\/wp-json\/wp\/v2\/pages\/40558\/revisions"}],"wp:featuredmedia":[{"embeddable":true,"href":"https:\/\/www.joaoleitao.com\/viagens\/wp-json\/wp\/v2\/media\/47887"}],"wp:attachment":[{"href":"https:\/\/www.joaoleitao.com\/viagens\/wp-json\/wp\/v2\/media?parent=40558"}],"curies":[{"name":"wp","href":"https:\/\/api.w.org\/{rel}","templated":true}]}}